{"id":2100,"date":"2017-12-03T12:42:26","date_gmt":"2017-12-03T11:42:26","guid":{"rendered":"http:\/\/luebecker-bucht-lokal.de\/ostseelauf\/?page_id=2100"},"modified":"2024-10-28T23:39:50","modified_gmt":"2024-10-28T22:39:50","slug":"mannschaftswertung","status":"publish","type":"page","link":"http:\/\/luebecker-bucht-lokal.de\/ostseelauf\/mannschaftswertung\/","title":{"rendered":"Mannschaftswertung"},"content":{"rendered":"<p>Die Mannschaftswertungen im <strong>5-km-Fitnesslauf, 10-km-Lauf und Halbmarathon<\/strong> m\u00f6chten wir unserem ehemaligen B\u00fcgermeister Volker Popp widmen.<\/p>\n<h2><strong>Volker-Popp-Mannschaft-Pokal<\/strong><\/h2>\n<p>Volker Popp, der leider am 6. Juni 2012 verstorben ist, hat diesen <strong>Sparkassen-Ostseelauf<\/strong> unbedingt gewollt.\u00a0Er selbst war ein L\u00e4ufer und hat so einige Marathonl\u00e4ufe bew\u00e4ltigt.\u00a0Volker war auf der Insel Sylt Kurdirektor und hat sich dort gemeinsam mit dem Verein Tinnum 66 f\u00fcr den Syltlauf stark gemacht.\u00a0Den Syltlauf von H\u00f6rnum bis nach List \u00fcber 33 Kilometer, gibt es jetzt schon seit 31 Jahren. In den letzten Jahren ist der Lauf schon Monate im voraus ausgebucht.\u00a0Was an der Nordsee gelungen ist, sollte dann hier an der Ostsee auch m\u00f6glich sein.<\/p>\n<p>Volker Popp hat mit uns gemeinsam den Ostseelauf ins Leben gerufen.\u00a0In diesem Jahr gibt es den Ostseelauf das 13. Mal.\u00a0Ihm zu Ehren haben wir einen Volker-Popp-Pokal f\u00fcr die Sieger-Mannschaften vergeben. Auf dem Bild seht ihr Volker mit der Startnummer 602 bei seinem letzten Ostseelauf 2011.<\/p>\n<p>\u00dcbrigens unser Moderator Hans-Erich Jungnickel war schon einmal Gesamtsieger beim Syltlauf.<\/p>\n<h2><strong>Regel der\u00a0Mannschaftswertung<\/strong><\/h2>\n<p>Die Mannschaftswertung wird f\u00fcr <strong>Frauen<\/strong> und <strong>M\u00e4nner<\/strong> getrennt durchgef\u00fchrt.\u00a0Eine Mannschaft besteht aus drei L\u00e4uferinnen oder L\u00e4ufer.\u00a0<strong>Gewertet werden die drei Zeitschnellsten eines Vereines oder Firma durch Zeitaddition.<\/strong><\/p>\n<p>Beispiel: Wenn sieben L\u00e4ufer aus einem Verein starten, dann wird aus den ersten drei L\u00e4ufern des Vereines mit dem gleichen Geschlecht, die das Ziel erreichen, eine Mannschaft gebildet. Die n\u00e4chsten drei aus dem gleichen Verein bilden auch wieder eine Mannschaft. Der letzte wird f\u00fcr die Mannschaftswertung nicht ber\u00fccksichtigt.<\/p>\n<p>Die Gesamtwertung und Altersklassenwertung wird ganz normal durchgef\u00fchrt und durch die Mannschaftswertung nicht ver\u00e4ndert.<\/p>\n<p><strong>WICHTIG!\u00a0Mannschaftsname<\/strong><\/p>\n<p>Der Name einer Mannschaft wird aus dem Feld Vereinsname gebildet.\u00a0Dabei ist besonders zu beachten, dass bei allen Anmeldungen einer Mannschaft immer der gleiche Vereinsname angegeben wird. Punkte, Bindestriche und Leerzeichen sind auch Zeichen!<\/p>\n<p>Beispiel:<br \/>\n1. Tri<strong>&#8211;<\/strong>Sport L\u00fcbeck<br \/>\n2. Tri<strong>&#8211;<\/strong>Sport<strong>&#8211;<\/strong>L\u00fcbeck<br \/>\n3. Tri Sport L\u00fcbeck<br \/>\n4. Tri Sport<strong>&#8211;<\/strong>L\u00fcbeck<br \/>\n5. Trisport L\u00fcbeck<br \/>\n6. Tri<strong>&#8211;<\/strong>Sport<strong>&#8211;<\/strong>L\u00fcbeck<\/p>\n<p>In diesem Beispiel haben sich 6 L\u00e4ufer angemeldet. Es w\u00fcrde keine Mannschaft gebildet werden.\u00a0Nur die L\u00e4ufer Nr. 2 und 6 h\u00e4tten die M\u00f6glichkeit, wenn sich noch ein Dritter L\u00e4ufer mit der gleichen Schreibweise des Vereinsnamen anmeldet, eine Mannschaft zu bilden.<\/p>\n<p>Falls Euch solch eine fehlerhafte Anmeldung passiert ist, dann bis <strong>sp\u00e4testens 4 Tage vor der Veranstaltung<\/strong> eine \u00c4nderung des fehlerhaften Vereinsnamen per Email senden. Einfach auf Kontakt klicken und dort den \u00c4nderungswunsch eingeben.<\/p>\n","protected":false},"excerpt":{"rendered":"<p>Die Mannschaftswertungen im 5-km-Fitnesslauf, 10-km-Lauf und Halbmarathon m\u00f6chten wir unserem ehemaligen B\u00fcgermeister Volker Popp widmen. Volker-Popp-Mannschaft-Pokal Volker Popp, der leider am 6. Juni 2012 verstorben ist, hat diesen Sparkassen-Ostseelauf unbedingt &#8230;<\/p>\n","protected":false},"author":1,"featured_media":1366,"parent":0,"menu_order":0,"comment_status":"closed","ping_status":"closed","template":"","meta":{"footnotes":""},"class_list":["post-2100","page","type-page","status-publish","has-post-thumbnail","hentry"],"_links":{"self":[{"href":"http:\/\/luebecker-bucht-lokal.de\/ostseelauf\/wp-json\/wp\/v2\/pages\/2100","targetHints":{"allow":["GET"]}}],"collection":[{"href":"http:\/\/luebecker-bucht-lokal.de\/ostseelauf\/wp-json\/wp\/v2\/pages"}],"about":[{"href":"http:\/\/luebecker-bucht-lokal.de\/ostseelauf\/wp-json\/wp\/v2\/types\/page"}],"author":[{"embeddable":true,"href":"http:\/\/luebecker-bucht-lokal.de\/ostseelauf\/wp-json\/wp\/v2\/users\/1"}],"replies":[{"embeddable":true,"href":"http:\/\/luebecker-bucht-lokal.de\/ostseelauf\/wp-json\/wp\/v2\/comments?post=2100"}],"version-history":[{"count":2,"href":"http:\/\/luebecker-bucht-lokal.de\/ostseelauf\/wp-json\/wp\/v2\/pages\/2100\/revisions"}],"predecessor-version":[{"id":2983,"href":"http:\/\/luebecker-bucht-lokal.de\/ostseelauf\/wp-json\/wp\/v2\/pages\/2100\/revisions\/2983"}],"wp:featuredmedia":[{"embeddable":true,"href":"http:\/\/luebecker-bucht-lokal.de\/ostseelauf\/wp-json\/wp\/v2\/media\/1366"}],"wp:attachment":[{"href":"http:\/\/luebecker-bucht-lokal.de\/ostseelauf\/wp-json\/wp\/v2\/media?parent=2100"}],"curies":[{"name":"wp","href":"https:\/\/api.w.org\/{rel}","templated":true}]}}