{"id":1919,"date":"2017-10-14T17:41:01","date_gmt":"2017-10-14T15:41:01","guid":{"rendered":"http:\/\/luebecker-bucht-lokal.de\/ostseelauf\/?page_id=1919"},"modified":"2017-10-14T17:41:38","modified_gmt":"2017-10-14T15:41:38","slug":"ostseelauf-2004","status":"publish","type":"page","link":"http:\/\/luebecker-bucht-lokal.de\/ostseelauf\/ostseelauf-2004\/","title":{"rendered":"Ostseelauf 2004"},"content":{"rendered":"<p><img loading=\"lazy\" decoding=\"async\" class=\"alignnone size-medium wp-image-1924\" src=\"http:\/\/luebecker-bucht-lokal.de\/ostseelauf\/wp-content\/uploads\/2017\/10\/B1405001-300x225.jpg\" alt=\"\" width=\"300\" height=\"225\" srcset=\"http:\/\/luebecker-bucht-lokal.de\/ostseelauf\/wp-content\/uploads\/2017\/10\/B1405001-300x225.jpg 300w, http:\/\/luebecker-bucht-lokal.de\/ostseelauf\/wp-content\/uploads\/2017\/10\/B1405001.jpg 500w\" sizes=\"auto, (max-width: 300px) 100vw, 300px\" \/><\/p>\n<p><a href=\"http:\/\/luebecker-bucht-lokal.de\/ostseelauf\/wp-content\/uploads\/2017\/10\/2.-Ostseelauf-\u00fcber-1.8-KM-Sealife-Seemeile.pdf\">2. Ostseelauf \u00fcber 1.8 KM &#8222;Sealife-Seemeile&#8220;<\/a><\/p>\n<p><a href=\"http:\/\/luebecker-bucht-lokal.de\/ostseelauf\/wp-content\/uploads\/2017\/10\/2.-Ostseelauf-\u00fcber-10-KM.pdf\">2. Ostseelauf \u00fcber 10 KM<\/a><\/p>\n<p><a href=\"http:\/\/luebecker-bucht-lokal.de\/ostseelauf\/wp-content\/uploads\/2017\/10\/2.-Ostseelauf-\u00fcber-21.1-KM.pdf\">2. Ostseelauf \u00fcber 21.1 KM<\/a><\/p>\n","protected":false},"excerpt":{"rendered":"<p>2. Ostseelauf \u00fcber 1.8 KM &#8222;Sealife-Seemeile&#8220; 2. Ostseelauf \u00fcber 10 KM 2. Ostseelauf \u00fcber 21.1 KM<\/p>\n","protected":false},"author":1,"featured_media":0,"parent":0,"menu_order":0,"comment_status":"closed","ping_status":"closed","template":"","meta":{"footnotes":""},"class_list":["post-1919","page","type-page","status-publish","hentry"],"_links":{"self":[{"href":"http:\/\/luebecker-bucht-lokal.de\/ostseelauf\/wp-json\/wp\/v2\/pages\/1919","targetHints":{"allow":["GET"]}}],"collection":[{"href":"http:\/\/luebecker-bucht-lokal.de\/ostseelauf\/wp-json\/wp\/v2\/pages"}],"about":[{"href":"http:\/\/luebecker-bucht-lokal.de\/ostseelauf\/wp-json\/wp\/v2\/types\/page"}],"author":[{"embeddable":true,"href":"http:\/\/luebecker-bucht-lokal.de\/ostseelauf\/wp-json\/wp\/v2\/users\/1"}],"replies":[{"embeddable":true,"href":"http:\/\/luebecker-bucht-lokal.de\/ostseelauf\/wp-json\/wp\/v2\/comments?post=1919"}],"version-history":[{"count":3,"href":"http:\/\/luebecker-bucht-lokal.de\/ostseelauf\/wp-json\/wp\/v2\/pages\/1919\/revisions"}],"predecessor-version":[{"id":1926,"href":"http:\/\/luebecker-bucht-lokal.de\/ostseelauf\/wp-json\/wp\/v2\/pages\/1919\/revisions\/1926"}],"wp:attachment":[{"href":"http:\/\/luebecker-bucht-lokal.de\/ostseelauf\/wp-json\/wp\/v2\/media?parent=1919"}],"curies":[{"name":"wp","href":"https:\/\/api.w.org\/{rel}","templated":true}]}}

<p><img loading="lazy" decoding="async" class="alignnone size-medium wp-image-1924" src="http://luebecker-bucht-lokal.de/ostseelauf/wp-content/uploads/2017/10/B1405001-300x225.jpg" alt="" width="300" height="225" srcset="http://luebecker-bucht-lokal.de/ostseelauf/wp-content/uploads/2017/10/B1405001-300x225.jpg 300w, http://luebecker-bucht-lokal.de/ostseelauf/wp-content/uploads/2017/10/B1405001.jpg 500w" sizes="auto, (max-width: 300px) 100vw, 300px" /></p>
<p><a href="http://luebecker-bucht-lokal.de/ostseelauf/wp-content/uploads/2017/10/2.-Ostseelauf-über-1.8-KM-Sealife-Seemeile.pdf">2. Ostseelauf über 1.8 KM &#8222;Sealife-Seemeile&#8220;</a></p>
<p><a href="http://luebecker-bucht-lokal.de/ostseelauf/wp-content/uploads/2017/10/2.-Ostseelauf-über-10-KM.pdf">2. Ostseelauf über 10 KM</a></p>
<p><a href="http://luebecker-bucht-lokal.de/ostseelauf/wp-content/uploads/2017/10/2.-Ostseelauf-über-21.1-KM.pdf">2. Ostseelauf über 21.1 KM</a></p>

<p>2. Ostseelauf über 1.8 KM &#8222;Sealife-Seemeile&#8220; 2. Ostseelauf über 10 KM 2. Ostseelauf über 21.1 KM</p>
