{"id":162,"date":"2017-12-27T21:15:56","date_gmt":"2017-12-27T20:15:56","guid":{"rendered":"http:\/\/luebecker-bucht-lokal.de\/latido\/?page_id=162"},"modified":"2017-12-30T15:19:20","modified_gmt":"2017-12-30T14:19:20","slug":"datenschutz","status":"publish","type":"page","link":"http:\/\/luebecker-bucht-lokal.de\/latido\/datenschutz\/","title":{"rendered":"Datenschutz"},"content":{"rendered":"<p>Wir nehmen den Schutz Ihrer pers\u00f6nlichen Daten sehr ernst und halten uns strikt an die Regeln der Datenschutzgesetze. Personenbezogene Daten werden auf dieser Website nur im technisch notwendigen Umfang erhoben. In keinem Fall werden die erhobenen Daten verkauft oder aus anderen Gr\u00fcnden an Dritte weitergegeben.<\/p>\n<p>Die nachfolgende Erkl\u00e4rung gibt Ihnen einen \u00dcberblick dar\u00fcber, wie wir diesen Schutz gew\u00e4hrleisten und welche Art von Daten zu welchem Zweck erhoben werden.<\/p>\n<p><strong>Datenverarbeitung auf dieser Internetseite<\/strong><br \/>\nDer Server erhebt und speichert automatisch in Log Files Informationen, die Ihr Browser an uns \u00fcbermittelt.<\/p>\n<p><strong>Dies sind:<\/strong><br \/>\nBrowsertyp\/ -version<br \/>\nverwendetes Betriebssystem<br \/>\nReferrer URL (die zuvor besuchte Seite)<br \/>\nHostname des zugreifenden Rechners (IP Adresse)<br \/>\nUhrzeit der Serveranfrage.<br \/>\nDiese Daten sind f\u00fcr uns nicht bestimmten Personen zuordbar.<\/p>\n<p>Eine Zusammenf\u00fchrung dieser Daten mit anderen Datenquellen wird nicht vorgenommen, sofern dies nicht von beh\u00f6rdlicher Seite angefordert wird. Die Daten werden zudem nach einer statistischen Auswertung und einem angemessenen Zeitraum gel\u00f6scht.<\/p>\n<p><strong>Cookies<\/strong><br \/>\nDie Internetseiten verwenden m\u00f6glicherweise so genannte Cookies. Sie dienen dazu, unser Angebot nutzerfreundlicher, effektiver und sicherer zu machen. Cookies sind kleine Textdateien, die auf Ihrem Rechner abgelegt werden und die Ihr Browser speichert. Die meisten der von uns verwendeten Cookies sind so genannte &#8222;Session-Cookies&#8220;. Sie werden nach Ende Ihres Besuchs automatisch gel\u00f6scht. Cookies richten auf Ihrem Rechner keinen Schaden an und enthalten keine Viren.<\/p>\n<p><strong>Videos<\/strong><br \/>\nDie Internetseiten verwenden m\u00f6glicherweise eingebettete Youtube-Videos. In der Voransicht und beim Abspielen eingebetteter Youtube-Videos nehmen Sie Kontakt zu einem Youtube-Server auf. Hier gelten die Datenschutz-Hinweise von Youtube bzw. Google.<\/p>\n<p><strong>Kontaktformular<\/strong><br \/>\nAngaben die Sie per Kontaktformular \u00fcbermitteln werden per E-Mail gesendet. Die E-Mails werden i.d.R zur Bearbeitung der Anfrage und f\u00fcr die Archivierung der Vorg\u00e4nge gespeichert.<\/p>\n<p><strong>Auskunftsrecht<\/strong><br \/>\nSie haben jederzeit das Recht auf Auskunft \u00fcber die bez\u00fcglich Ihrer Person gespeicherten Daten, deren Herkunft und Empf\u00e4nger sowie den Zweck der Speicherung. Auskunft \u00fcber die gespeicherten Daten erhalten Sie gerne von uns.<\/p>\n<p><strong>Weitere Informationen<\/strong><br \/>\nIhr Vertrauen ist uns wichtig. Daher m\u00f6chten wir Ihnen jederzeit Rede und Antwort bez\u00fcglich der Verarbeitung Ihrer personenbezogenen Daten stehen. Wenn Sie Fragen haben, die Ihnen diese Datenschutzerkl\u00e4rung nicht beantworten konnte oder wenn Sie zu einem Punkt vertiefte Informationen w\u00fcnschen, wenden Sie sich bitte jederzeit an uns.<\/p>\n","protected":false},"excerpt":{"rendered":"<p>Wir nehmen den Schutz Ihrer pers\u00f6nlichen Daten sehr ernst und halten uns strikt an die Regeln der Datenschutzgesetze. Personenbezogene Daten werden auf dieser Website nur im technisch notwendigen Umfang erhoben. In keinem Fall werden die erhobenen Daten verkauft oder aus anderen Gr\u00fcnden an Dritte weitergegeben. Die nachfolgende Erkl\u00e4rung gibt Ihnen einen \u00dcberblick dar\u00fcber, wie wir &hellip; <\/p>\n<p class=\"link-more\"><a href=\"http:\/\/luebecker-bucht-lokal.de\/latido\/datenschutz\/\" class=\"more-link\"><span class=\"screen-reader-text\">\u201eDatenschutz\u201c<\/span> weiterlesen<\/a><\/p>\n","protected":false},"author":1,"featured_media":0,"parent":0,"menu_order":0,"comment_status":"closed","ping_status":"closed","template":"","meta":{"footnotes":""},"class_list":["post-162","page","type-page","status-publish","hentry"],"_links":{"self":[{"href":"http:\/\/luebecker-bucht-lokal.de\/latido\/wp-json\/wp\/v2\/pages\/162","targetHints":{"allow":["GET"]}}],"collection":[{"href":"http:\/\/luebecker-bucht-lokal.de\/latido\/wp-json\/wp\/v2\/pages"}],"about":[{"href":"http:\/\/luebecker-bucht-lokal.de\/latido\/wp-json\/wp\/v2\/types\/page"}],"author":[{"embeddable":true,"href":"http:\/\/luebecker-bucht-lokal.de\/latido\/wp-json\/wp\/v2\/users\/1"}],"replies":[{"embeddable":true,"href":"http:\/\/luebecker-bucht-lokal.de\/latido\/wp-json\/wp\/v2\/comments?post=162"}],"version-history":[{"count":1,"href":"http:\/\/luebecker-bucht-lokal.de\/latido\/wp-json\/wp\/v2\/pages\/162\/revisions"}],"predecessor-version":[{"id":163,"href":"http:\/\/luebecker-bucht-lokal.de\/latido\/wp-json\/wp\/v2\/pages\/162\/revisions\/163"}],"wp:attachment":[{"href":"http:\/\/luebecker-bucht-lokal.de\/latido\/wp-json\/wp\/v2\/media?parent=162"}],"curies":[{"name":"wp","href":"https:\/\/api.w.org\/{rel}","templated":true}]}}