{"id":156,"date":"2017-12-27T21:01:27","date_gmt":"2017-12-27T20:01:27","guid":{"rendered":"http:\/\/luebecker-bucht-lokal.de\/latido\/?page_id=156"},"modified":"2023-01-19T21:02:39","modified_gmt":"2023-01-19T20:02:39","slug":"impressum","status":"publish","type":"page","link":"http:\/\/luebecker-bucht-lokal.de\/latido\/impressum\/","title":{"rendered":"Impressum"},"content":{"rendered":"<p><strong>LaTiDo \u2013 internationaler Chor<br \/>\n<\/strong>D-23669 Timmendorfer Strand<\/p>\n<p>E-Mail: info@la-tido.de<\/p>\n<p>Inhaltlich verantwortlich:<br \/>\nSteffi Scheel<\/p>\n<p><strong>Nutzungsbedingungen<\/strong><br \/>\nEine Vervielf\u00e4ltigung oder Verwendung von auf dieser Seite ver\u00f6ffentlichten Grafiken oder Texten in anderen Publikationen ist ohne unsere ausdr\u00fcckliche Zustimmung nicht gestattet.<\/p>\n<p><strong>Haftungsausschluss<\/strong><br \/>\nTrotz sorgf\u00e4ltiger inhaltlicher Kontrolle \u00fcbernehmen wir keine Haftung f\u00fcr die Inhalte externer Links. F\u00fcr den Inhalt der verlinkten Seiten sind ausschlie\u00dflich deren Betreiber verantwortlich.<\/p>\n<p><strong>Datenschutzhinweis<\/strong><br \/>\nDen Datenschutzhinweis finden Sie jetzt auf einer eigenst\u00e4ndigen Datenschutzseite. Die Datenschutzseite ist ganz unten auf jeder Seite auch direkt verlinkt.<\/p>\n","protected":false},"excerpt":{"rendered":"<p>LaTiDo \u2013 internationaler Chor D-23669 Timmendorfer Strand E-Mail: info@la-tido.de Inhaltlich verantwortlich: Steffi Scheel Nutzungsbedingungen Eine Vervielf\u00e4ltigung oder Verwendung von auf dieser Seite ver\u00f6ffentlichten Grafiken oder Texten in anderen Publikationen ist ohne unsere ausdr\u00fcckliche Zustimmung nicht gestattet. Haftungsausschluss Trotz sorgf\u00e4ltiger inhaltlicher Kontrolle \u00fcbernehmen wir keine Haftung f\u00fcr die Inhalte externer Links. F\u00fcr den Inhalt der verlinkten &hellip; <\/p>\n<p class=\"link-more\"><a href=\"http:\/\/luebecker-bucht-lokal.de\/latido\/impressum\/\" class=\"more-link\"><span class=\"screen-reader-text\">\u201eImpressum\u201c<\/span> weiterlesen<\/a><\/p>\n","protected":false},"author":1,"featured_media":0,"parent":0,"menu_order":0,"comment_status":"closed","ping_status":"closed","template":"","meta":{"footnotes":""},"class_list":["post-156","page","type-page","status-publish","hentry"],"_links":{"self":[{"href":"http:\/\/luebecker-bucht-lokal.de\/latido\/wp-json\/wp\/v2\/pages\/156","targetHints":{"allow":["GET"]}}],"collection":[{"href":"http:\/\/luebecker-bucht-lokal.de\/latido\/wp-json\/wp\/v2\/pages"}],"about":[{"href":"http:\/\/luebecker-bucht-lokal.de\/latido\/wp-json\/wp\/v2\/types\/page"}],"author":[{"embeddable":true,"href":"http:\/\/luebecker-bucht-lokal.de\/latido\/wp-json\/wp\/v2\/users\/1"}],"replies":[{"embeddable":true,"href":"http:\/\/luebecker-bucht-lokal.de\/latido\/wp-json\/wp\/v2\/comments?post=156"}],"version-history":[{"count":5,"href":"http:\/\/luebecker-bucht-lokal.de\/latido\/wp-json\/wp\/v2\/pages\/156\/revisions"}],"predecessor-version":[{"id":286,"href":"http:\/\/luebecker-bucht-lokal.de\/latido\/wp-json\/wp\/v2\/pages\/156\/revisions\/286"}],"wp:attachment":[{"href":"http:\/\/luebecker-bucht-lokal.de\/latido\/wp-json\/wp\/v2\/media?parent=156"}],"curies":[{"name":"wp","href":"https:\/\/api.w.org\/{rel}","templated":true}]}}